{"id":1560,"date":"2018-01-26T17:00:26","date_gmt":"2018-01-26T16:00:26","guid":{"rendered":"https:\/\/bencke.de\/?page_id=1560"},"modified":"2018-08-24T09:04:16","modified_gmt":"2018-08-24T07:04:16","slug":"beschallung","status":"publish","type":"page","link":"https:\/\/bencke.de\/staging\/medientechnik-konferenzraeume\/beschallung\/","title":{"rendered":"Beschallungstechnik"},"content":{"rendered":"<div id=\"pl-1560\"  class=\"panel-layout\" ><div id=\"pg-1560-0\"  class=\"panel-grid panel-has-style\" ><div class=\"test1 panel-row-style panel-row-style-for-1560-0\" ><div id=\"pgc-1560-0-0\"  class=\"panel-grid-cell\" ><div class=\"test2 panel-cell-style panel-cell-style-for-1560-0-0\" ><div id=\"panel-1560-0-0-0\" class=\"so-panel widget widget_sow-editor panel-first-child\" data-index=\"0\" ><div\n\t\t\t\n\t\t\tclass=\"so-widget-sow-editor so-widget-sow-editor-base\"\n\t\t\t\n\t\t>\n<div class=\"siteorigin-widget-tinymce textwidget\">\n\t<h1>Bechallungstechnik<\/h1>\n<\/div>\n<\/div><\/div><div id=\"panel-1560-0-0-1\" class=\"so-panel widget widget_sow-editor panel-last-child\" data-index=\"1\" ><div\n\t\t\t\n\t\t\tclass=\"so-widget-sow-editor so-widget-sow-editor-base\"\n\t\t\t\n\t\t>\n<div class=\"siteorigin-widget-tinymce textwidget\">\n\t<h1>\u00a0<\/h1>\n<div class=\"tinymcewysiwyg\">\n<p><strong>Arztpraxen und Kaufh\u00e4user sind nicht die Einzigen, die \u00fcber Beschallungsanlagen Informationen an Patienten oder Kunden weitergeben wollen.<\/strong><br \/><strong>F\u00fcr Altenheime beispielsweise sind moderne Anlagen mit Gegensprechfunktion empfehlenswert.<\/strong><br \/><strong> Es gibt noch etliche Extras.Wir beraten Sie vorab. Nach Auswahl des passenden Ger\u00e4tes und fachgerechter Installation bieten wir auch weiterf\u00fchrenden Service.<\/strong><br \/><strong>Auf Wunsch\u00a0<\/strong><\/p>\n<\/div>\n<div class=\"tinymcewysiwyg\">\n<h2>...manchmal mit Musik.<\/h2>\n<\/div>\n<\/div>\n<\/div><\/div><\/div><\/div><div id=\"pgc-1560-0-1\"  class=\"panel-grid-cell\" ><div class=\"test2 panel-cell-style panel-cell-style-for-1560-0-1\" ><div id=\"panel-1560-0-1-0\" class=\"so-panel widget widget_pw_person_profile widget-person-profile panel-first-child\" data-index=\"2\" >\n\t<div class=\"card  person-profile\">\n\t\t\t\t<img decoding=\"async\" class=\"person-profile__image  wp-post-image\" src=\"https:\/\/bencke.de\/wp-content\/uploads\/2017\/05\/Dierk.Schroeder.jpg\" alt=\"Bild von Dirk Schroeder\">\n\t\t\t\t<div class=\"card-block  person-profile__container\">\n\t\t\t\t\t\t\t<div class=\"person-profile__social-icons\">\n\t\t\t\t\t\t\t\t\t\t\t<a class=\"person-profile__social-icon\" href=\"tel:+494141411140\" target=\"_self\"><i class=\"fa  fa-phone-square\"><\/i><\/a>\n\t\t\t\t\t\t\t\t\t\t\t<a class=\"person-profile__social-icon\" href=\"mailto:dirk.schroeder@bencke.de\" target=\"_self\"><i class=\"fa  fa-envelope-square\"><\/i><\/a>\n\t\t\t\t\t\t\t\t\t<\/div>\n\t\t\t\t\t\t<div class=\"person-profile__content\">\n\t\t\t\t\t\t\t\t\t<span class=\"person-profile__tag\">Spezialist f\u00fcr Medientechnik und Video\u00fcberwachung<\/span>\n\t\t\t\t\t\t\t\t<h4 class=\"card-title  person-profile__name\">Dirk Schroeder<\/h4>\n\t\t\t\t<p class=\"card-text  person-profile__description\">Telefon: 04141 41 11 40<\/p>\n\t\t\t<\/div>\n\t\t<\/div>\n\t<\/div>\n\n<\/div><div id=\"panel-1560-0-1-1\" class=\"so-panel widget widget_metaslider_widget\" data-index=\"3\" ><div id=\"metaslider-id-1638\" style=\"max-width: 800px;\" class=\"ml-slider-3-108-0 metaslider metaslider-flex metaslider-1638 ml-slider has-dots-nav ms-theme-default\" role=\"region\" aria-label=\"WHD\" data-height=\"600\" data-width=\"800\">\n    <div id=\"metaslider_container_1638\">\n        <div id=\"metaslider_1638\">\n            <ul class='slides'>\n                <li style=\"display: block; width: 100%;\" class=\"slide-1639 ms-image \" aria-roledescription=\"slide\" data-date=\"2018-01-31 15:42:07\" data-filename=\"k-WHD01-710x533.jpg\" data-slide-type=\"image\"><img loading=\"lazy\" decoding=\"async\" src=\"https:\/\/bencke.de\/staging\/wp-content\/uploads\/2018\/01\/k-WHD01-710x533.jpg\" height=\"600\" width=\"800\" alt=\"\" class=\"slider-1638 slide-1639 msDefaultImage\" \/><\/li>\n                <li style=\"display: none; width: 100%;\" class=\"slide-1640 ms-image \" aria-roledescription=\"slide\" data-date=\"2018-01-31 15:42:26\" data-filename=\"k-WHD02-710x533.jpg\" data-slide-type=\"image\"><img loading=\"lazy\" decoding=\"async\" src=\"https:\/\/bencke.de\/staging\/wp-content\/uploads\/2018\/01\/k-WHD02-710x533.jpg\" height=\"600\" width=\"800\" alt=\"\" class=\"slider-1638 slide-1640 msDefaultImage\" \/><\/li>\n                <li style=\"display: none; width: 100%;\" class=\"slide-1641 ms-image \" aria-roledescription=\"slide\" data-date=\"2018-01-31 15:42:35\" data-filename=\"k-WHD03-710x533.jpg\" data-slide-type=\"image\"><img loading=\"lazy\" decoding=\"async\" src=\"https:\/\/bencke.de\/staging\/wp-content\/uploads\/2018\/01\/k-WHD03-710x533.jpg\" height=\"600\" width=\"800\" alt=\"\" class=\"slider-1638 slide-1641 msDefaultImage\" \/><\/li>\n                <li style=\"display: none; width: 100%;\" class=\"slide-1642 ms-image \" aria-roledescription=\"slide\" data-date=\"2018-01-31 15:42:52\" data-filename=\"k-WHD04-709x532.jpg\" data-slide-type=\"image\"><img loading=\"lazy\" decoding=\"async\" src=\"https:\/\/bencke.de\/staging\/wp-content\/uploads\/2018\/01\/k-WHD04-709x532.jpg\" height=\"600\" width=\"800\" alt=\"\" class=\"slider-1638 slide-1642 msDefaultImage\" \/><\/li>\n                <li style=\"display: none; width: 100%;\" class=\"slide-1643 ms-image \" aria-roledescription=\"slide\" data-date=\"2018-01-31 15:43:03\" data-filename=\"k-WHD05-710x533.jpg\" data-slide-type=\"image\"><img loading=\"lazy\" decoding=\"async\" src=\"https:\/\/bencke.de\/staging\/wp-content\/uploads\/2018\/01\/k-WHD05-710x533.jpg\" height=\"600\" width=\"800\" alt=\"\" class=\"slider-1638 slide-1643 msDefaultImage\" \/><\/li>\n                <li style=\"display: none; width: 100%;\" class=\"slide-1644 ms-image \" aria-roledescription=\"slide\" data-date=\"2018-01-31 15:43:14\" data-filename=\"k-WHD06-710x533.jpg\" data-slide-type=\"image\"><img loading=\"lazy\" decoding=\"async\" src=\"https:\/\/bencke.de\/staging\/wp-content\/uploads\/2018\/01\/k-WHD06-710x533.jpg\" height=\"600\" width=\"800\" alt=\"\" class=\"slider-1638 slide-1644 msDefaultImage\" \/><\/li>\n                <li style=\"display: none; width: 100%;\" class=\"slide-1645 ms-image \" aria-roledescription=\"slide\" data-date=\"2018-01-31 15:43:22\" data-filename=\"k-WHD07-710x533.jpg\" data-slide-type=\"image\"><img loading=\"lazy\" decoding=\"async\" src=\"https:\/\/bencke.de\/staging\/wp-content\/uploads\/2018\/01\/k-WHD07-710x533.jpg\" height=\"600\" width=\"800\" alt=\"\" class=\"slider-1638 slide-1645 msDefaultImage\" \/><\/li>\n                <li style=\"display: none; width: 100%;\" class=\"slide-1646 ms-image \" aria-roledescription=\"slide\" data-date=\"2018-01-31 15:43:27\" data-filename=\"k-WHD08-710x533.jpg\" data-slide-type=\"image\"><img loading=\"lazy\" decoding=\"async\" src=\"https:\/\/bencke.de\/staging\/wp-content\/uploads\/2018\/01\/k-WHD08-710x533.jpg\" height=\"600\" width=\"800\" alt=\"\" class=\"slider-1638 slide-1646 msDefaultImage\" \/><\/li>\n                <li style=\"display: none; width: 100%;\" class=\"slide-1647 ms-image \" aria-roledescription=\"slide\" data-date=\"2018-01-31 15:43:35\" data-filename=\"k-WHD09-710x533.jpg\" data-slide-type=\"image\"><img loading=\"lazy\" decoding=\"async\" src=\"https:\/\/bencke.de\/staging\/wp-content\/uploads\/2018\/01\/k-WHD09-710x533.jpg\" height=\"600\" width=\"800\" alt=\"\" class=\"slider-1638 slide-1647 msDefaultImage\" \/><\/li>\n                <li style=\"display: none; width: 100%;\" class=\"slide-1648 ms-image \" aria-roledescription=\"slide\" data-date=\"2018-01-31 15:43:45\" data-filename=\"k-WHD10-710x533.jpg\" data-slide-type=\"image\"><img loading=\"lazy\" decoding=\"async\" src=\"https:\/\/bencke.de\/staging\/wp-content\/uploads\/2018\/01\/k-WHD10-710x533.jpg\" height=\"600\" width=\"800\" alt=\"\" class=\"slider-1638 slide-1648 msDefaultImage\" \/><\/li>\n                <li style=\"display: none; width: 100%;\" class=\"slide-1649 ms-image \" aria-roledescription=\"slide\" data-date=\"2018-01-31 15:43:51\" data-filename=\"k-WHD11-710x533.jpg\" data-slide-type=\"image\"><img loading=\"lazy\" decoding=\"async\" src=\"https:\/\/bencke.de\/staging\/wp-content\/uploads\/2018\/01\/k-WHD11-710x533.jpg\" height=\"600\" width=\"800\" alt=\"\" class=\"slider-1638 slide-1649 msDefaultImage\" \/><\/li>\n                <li style=\"display: none; width: 100%;\" class=\"slide-1650 ms-image \" aria-roledescription=\"slide\" data-date=\"2018-01-31 15:44:11\" data-filename=\"k-WHD12-710x533.jpg\" data-slide-type=\"image\"><img loading=\"lazy\" decoding=\"async\" src=\"https:\/\/bencke.de\/staging\/wp-content\/uploads\/2018\/01\/k-WHD12-710x533.jpg\" height=\"600\" width=\"800\" alt=\"\" class=\"slider-1638 slide-1650 msDefaultImage\" \/><\/li>\n                <li style=\"display: none; width: 100%;\" class=\"slide-1651 ms-image \" aria-roledescription=\"slide\" data-date=\"2018-01-31 15:44:23\" data-filename=\"k-WHD13-709x532.jpg\" data-slide-type=\"image\"><img loading=\"lazy\" decoding=\"async\" src=\"https:\/\/bencke.de\/staging\/wp-content\/uploads\/2018\/01\/k-WHD13-709x532.jpg\" height=\"600\" width=\"800\" alt=\"\" class=\"slider-1638 slide-1651 msDefaultImage\" \/><\/li>\n                <li style=\"display: none; width: 100%;\" class=\"slide-1652 ms-image \" aria-roledescription=\"slide\" data-date=\"2018-01-31 15:44:30\" data-filename=\"k-WHD14-710x533.jpg\" data-slide-type=\"image\"><img loading=\"lazy\" decoding=\"async\" src=\"https:\/\/bencke.de\/staging\/wp-content\/uploads\/2018\/01\/k-WHD14-710x533.jpg\" height=\"600\" width=\"800\" alt=\"\" class=\"slider-1638 slide-1652 msDefaultImage\" \/><\/li>\n                <li style=\"display: none; width: 100%;\" class=\"slide-1653 ms-image \" aria-roledescription=\"slide\" data-date=\"2018-01-31 15:44:37\" data-filename=\"k-WHD15-710x533.jpg\" data-slide-type=\"image\"><img loading=\"lazy\" decoding=\"async\" src=\"https:\/\/bencke.de\/staging\/wp-content\/uploads\/2018\/01\/k-WHD15-710x533.jpg\" height=\"600\" width=\"800\" alt=\"\" class=\"slider-1638 slide-1653 msDefaultImage\" \/><\/li>\n                <li style=\"display: none; width: 100%;\" class=\"slide-1654 ms-image \" aria-roledescription=\"slide\" data-date=\"2018-01-31 15:44:42\" data-filename=\"k-WHD16-710x533.jpg\" data-slide-type=\"image\"><img loading=\"lazy\" decoding=\"async\" src=\"https:\/\/bencke.de\/staging\/wp-content\/uploads\/2018\/01\/k-WHD16-710x533.jpg\" height=\"600\" width=\"800\" alt=\"\" class=\"slider-1638 slide-1654 msDefaultImage\" \/><\/li>\n                <li style=\"display: none; width: 100%;\" class=\"slide-1655 ms-image \" aria-roledescription=\"slide\" data-date=\"2018-01-31 15:44:47\" data-filename=\"k-WHD17-604x452.jpg\" data-slide-type=\"image\"><img loading=\"lazy\" decoding=\"async\" src=\"https:\/\/bencke.de\/staging\/wp-content\/uploads\/2018\/01\/k-WHD17-604x452.jpg\" height=\"600\" width=\"800\" alt=\"\" class=\"slider-1638 slide-1655 msDefaultImage\" \/><\/li>\n                <li style=\"display: none; width: 100%;\" class=\"slide-1656 ms-image \" aria-roledescription=\"slide\" data-date=\"2018-01-31 15:44:53\" data-filename=\"k-WHD18-710x533.jpg\" data-slide-type=\"image\"><img loading=\"lazy\" decoding=\"async\" src=\"https:\/\/bencke.de\/staging\/wp-content\/uploads\/2018\/01\/k-WHD18-710x533.jpg\" height=\"600\" width=\"800\" alt=\"\" class=\"slider-1638 slide-1656 msDefaultImage\" \/><\/li>\n                <li style=\"display: none; width: 100%;\" class=\"slide-1657 ms-image \" aria-roledescription=\"slide\" data-date=\"2018-01-31 15:45:00\" data-filename=\"k-WHD21-710x533.jpg\" data-slide-type=\"image\"><img loading=\"lazy\" decoding=\"async\" src=\"https:\/\/bencke.de\/staging\/wp-content\/uploads\/2018\/01\/k-WHD21-710x533.jpg\" height=\"600\" width=\"800\" alt=\"\" class=\"slider-1638 slide-1657 msDefaultImage\" \/><\/li>\n                <li style=\"display: none; width: 100%;\" class=\"slide-1658 ms-image \" aria-roledescription=\"slide\" data-date=\"2018-01-31 15:45:07\" data-filename=\"k-WHD22-710x533.jpg\" data-slide-type=\"image\"><img loading=\"lazy\" decoding=\"async\" src=\"https:\/\/bencke.de\/staging\/wp-content\/uploads\/2018\/01\/k-WHD22-710x533.jpg\" height=\"600\" width=\"800\" alt=\"\" class=\"slider-1638 slide-1658 msDefaultImage\" \/><\/li>\n                <li style=\"display: none; width: 100%;\" class=\"slide-1659 ms-image \" aria-roledescription=\"slide\" data-date=\"2018-01-31 15:45:11\" data-filename=\"k-WHD19-710x533.jpg\" data-slide-type=\"image\"><img loading=\"lazy\" decoding=\"async\" src=\"https:\/\/bencke.de\/staging\/wp-content\/uploads\/2018\/01\/k-WHD19-710x533.jpg\" height=\"600\" width=\"800\" alt=\"\" class=\"slider-1638 slide-1659 msDefaultImage\" \/><\/li>\n                <li style=\"display: none; width: 100%;\" class=\"slide-1660 ms-image \" aria-roledescription=\"slide\" data-date=\"2018-01-31 15:45:16\" data-filename=\"k-WHD20-710x533.jpg\" data-slide-type=\"image\"><img loading=\"lazy\" decoding=\"async\" src=\"https:\/\/bencke.de\/staging\/wp-content\/uploads\/2018\/01\/k-WHD20-710x533.jpg\" height=\"600\" width=\"800\" alt=\"\" class=\"slider-1638 slide-1660 msDefaultImage\" \/><\/li>\n            <\/ul>\n        <\/div>\n        \n    <\/div>\n<\/div><\/div><div id=\"panel-1560-0-1-2\" class=\"so-panel widget widget_sow-editor panel-last-child\" data-index=\"4\" ><div\n\t\t\t\n\t\t\tclass=\"so-widget-sow-editor so-widget-sow-editor-base\"\n\t\t\t\n\t\t>\n<div class=\"siteorigin-widget-tinymce textwidget\">\n\t<h3>Ihre Vorteile<\/h3>\n<ul>\n<li>Pers\u00f6nliche, faire Beratung<\/li>\n<li>Service<\/li>\n<li>Eigene Meisterwerkstatt<\/li>\n<li>Eigener Kundendienst<\/li>\n<li>Montageservice<\/li>\n<li>Lieferung<\/li>\n<li>Preissicherheit \/ Preisgarantie<\/li>\n<li>Finanzierung<\/li>\n<li>Parkpl\u00e4tze<\/li>\n<li>Zentral in Stade gelegen<\/li>\n<li>Geschulte Mitarbeiter<\/li>\n<\/ul>\n<\/div>\n<\/div><\/div><\/div><\/div><\/div><\/div><div id=\"pg-1560-1\"  class=\"panel-grid panel-has-style\" ><div class=\"siteorigin-panels-stretch panel-row-style panel-row-style-for-1560-1\" data-stretch-type=\"full-stretched\" ><div id=\"pgc-1560-1-0\"  class=\"panel-grid-cell\" ><div id=\"panel-1560-1-0-0\" class=\"so-panel widget widget_black-studio-tinymce widget_black_studio_tinymce panel-first-child panel-last-child\" data-index=\"5\" ><div class=\"cmmap panel-widget-style panel-widget-style-for-1560-1-0-0\" ><div class=\"textwidget\"><p> <div class=\"brlbs-cmpnt-container brlbs-cmpnt-content-blocker brlbs-cmpnt-with-individual-styles\" data-borlabs-cookie-content-blocker-id=\"default\" data-borlabs-cookie-content=\"PGlmcmFtZSBsb2FkaW5nPSJsYXp5IiB3aWR0aD0iMTAwJSIgaGVpZ2h0PSI0MDAiIGZyYW1lYm9yZGVyPSIwIiBzY3JvbGxpbmc9Im5vIiBzcmM9Imh0dHBzOi8vYXBwcy5jaXR5LW1hcC5kZS9pbmRleC5waHAvTWFwcy9NYWluQ3VzdG9tZXIvMC8xNTY4L2FwcHMuY2l0eS1tYXAuZGUvZGUvaW50ZXJhY3RpdmUvNDUwLzQ1MC8yIj4gPC9pZnJhbWU+\"><div class=\"brlbs-cmpnt-cb-preset-a\"> <p class=\"brlbs-cmpnt-cb-description\">Sie sehen gerade einen Platzhalterinhalt von <strong>Standard<\/strong>. Um auf den eigentlichen Inhalt zuzugreifen, klicken Sie auf den Button unten. Bitte beachten Sie, dass dabei Daten an Drittanbieter weitergegeben werden.<\/p> <div class=\"brlbs-cmpnt-cb-buttons\"> <a class=\"brlbs-cmpnt-cb-btn\" href=\"#\" data-borlabs-cookie-unblock role=\"button\">Inhalt entsperren<\/a> <a class=\"brlbs-cmpnt-cb-btn\" href=\"#\" data-borlabs-cookie-accept-service role=\"button\" style=\"display: none\">Erforderlichen Service akzeptieren und Inhalte entsperren<\/a> <\/div> <a class=\"brlbs-cmpnt-cb-provider-toggle\" href=\"#\" data-borlabs-cookie-show-provider-information role=\"button\">Weitere Informationen<\/a> <\/div><\/div><\/p>\n<\/div><\/div><\/div><\/div><\/div><\/div><\/div>","protected":false},"excerpt":{"rendered":"<p>Widmen Sie sich entspannt Ihrem Kerngesch\u00e4ft zu, fokussiert auf erstklassige Produkte und Service sorgen wir mit unseren starken Partnern f\u00fcr Rund-um-die-Uhr-Funktionalit\u00e4t.<\/p>\n","protected":false},"author":2,"featured_media":1297,"parent":864,"menu_order":0,"comment_status":"closed","ping_status":"closed","template":"template-front-page-slider.php","meta":{"_acf_changed":false,"footnotes":""},"class_list":["post-1560","page","type-page","status-publish","has-post-thumbnail","hentry"],"acf":[],"yoast_head":"<!-- This site is optimized with the Yoast SEO plugin v27.5 - https:\/\/yoast.com\/product\/yoast-seo-wordpress\/ -->\n<title>Bechallungstechnik<\/title>\n<meta name=\"description\" content=\"Bechallungstechnik\" \/>\n<meta name=\"robots\" content=\"noindex, follow, max-snippet:-1, max-image-preview:large, max-video-preview:-1\" \/>\n<meta property=\"og:locale\" content=\"de_DE\" \/>\n<meta property=\"og:type\" content=\"article\" \/>\n<meta property=\"og:title\" content=\"Bechallungstechnik\" \/>\n<meta property=\"og:description\" content=\"Bechallungstechnik\" \/>\n<meta property=\"og:url\" content=\"https:\/\/bencke.de\/staging\/medientechnik-konferenzraeume\/beschallung\/\" \/>\n<meta property=\"og:site_name\" content=\"BENCKE multimedia GmbH Staging\" \/>\n<meta property=\"article:publisher\" content=\"https:\/\/www.facebook.com\/Bencke-Multimedia-GmbH-109591069133129\/\" \/>\n<meta property=\"article:modified_time\" content=\"2018-08-24T07:04:16+00:00\" \/>\n<meta property=\"og:image\" content=\"https:\/\/bencke.de\/staging\/wp-content\/uploads\/2017\/05\/IMG_1651.jpg\" \/>\n\t<meta property=\"og:image:width\" content=\"1920\" \/>\n\t<meta property=\"og:image:height\" content=\"600\" \/>\n\t<meta property=\"og:image:type\" content=\"image\/jpeg\" \/>\n<meta name=\"twitter:card\" content=\"summary_large_image\" \/>\n<script type=\"application\/ld+json\" class=\"yoast-schema-graph\">{\"@context\":\"https:\\\/\\\/schema.org\",\"@graph\":[{\"@type\":\"WebPage\",\"@id\":\"https:\\\/\\\/bencke.de\\\/staging\\\/medientechnik-konferenzraeume\\\/beschallung\\\/\",\"url\":\"https:\\\/\\\/bencke.de\\\/staging\\\/medientechnik-konferenzraeume\\\/beschallung\\\/\",\"name\":\"Bechallungstechnik\",\"isPartOf\":{\"@id\":\"https:\\\/\\\/bencke.de\\\/staging\\\/#website\"},\"primaryImageOfPage\":{\"@id\":\"https:\\\/\\\/bencke.de\\\/staging\\\/medientechnik-konferenzraeume\\\/beschallung\\\/#primaryimage\"},\"image\":{\"@id\":\"https:\\\/\\\/bencke.de\\\/staging\\\/medientechnik-konferenzraeume\\\/beschallung\\\/#primaryimage\"},\"thumbnailUrl\":\"https:\\\/\\\/bencke.de\\\/staging\\\/wp-content\\\/uploads\\\/2017\\\/05\\\/IMG_1651.jpg\",\"datePublished\":\"2018-01-26T16:00:26+00:00\",\"dateModified\":\"2018-08-24T07:04:16+00:00\",\"description\":\"Bechallungstechnik\",\"breadcrumb\":{\"@id\":\"https:\\\/\\\/bencke.de\\\/staging\\\/medientechnik-konferenzraeume\\\/beschallung\\\/#breadcrumb\"},\"inLanguage\":\"de\",\"potentialAction\":[{\"@type\":\"ReadAction\",\"target\":[\"https:\\\/\\\/bencke.de\\\/staging\\\/medientechnik-konferenzraeume\\\/beschallung\\\/\"]}]},{\"@type\":\"ImageObject\",\"inLanguage\":\"de\",\"@id\":\"https:\\\/\\\/bencke.de\\\/staging\\\/medientechnik-konferenzraeume\\\/beschallung\\\/#primaryimage\",\"url\":\"https:\\\/\\\/bencke.de\\\/staging\\\/wp-content\\\/uploads\\\/2017\\\/05\\\/IMG_1651.jpg\",\"contentUrl\":\"https:\\\/\\\/bencke.de\\\/staging\\\/wp-content\\\/uploads\\\/2017\\\/05\\\/IMG_1651.jpg\",\"width\":1920,\"height\":600},{\"@type\":\"BreadcrumbList\",\"@id\":\"https:\\\/\\\/bencke.de\\\/staging\\\/medientechnik-konferenzraeume\\\/beschallung\\\/#breadcrumb\",\"itemListElement\":[{\"@type\":\"ListItem\",\"position\":1,\"name\":\"Startseite\",\"item\":\"https:\\\/\\\/bencke.de\\\/staging\\\/\"},{\"@type\":\"ListItem\",\"position\":2,\"name\":\"Medientechnik &#038; Konferenzr\u00e4ume\",\"item\":\"https:\\\/\\\/bencke.de\\\/staging\\\/medientechnik-konferenzraeume\\\/\"},{\"@type\":\"ListItem\",\"position\":3,\"name\":\"Beschallungstechnik\"}]},{\"@type\":\"WebSite\",\"@id\":\"https:\\\/\\\/bencke.de\\\/staging\\\/#website\",\"url\":\"https:\\\/\\\/bencke.de\\\/staging\\\/\",\"name\":\"BENCKE multimedia GmbH Staging\",\"description\":\"\",\"potentialAction\":[{\"@type\":\"SearchAction\",\"target\":{\"@type\":\"EntryPoint\",\"urlTemplate\":\"https:\\\/\\\/bencke.de\\\/staging\\\/?s={search_term_string}\"},\"query-input\":{\"@type\":\"PropertyValueSpecification\",\"valueRequired\":true,\"valueName\":\"search_term_string\"}}],\"inLanguage\":\"de\"}]}<\/script>\n<!-- \/ Yoast SEO plugin. -->","yoast_head_json":{"title":"Bechallungstechnik","description":"Bechallungstechnik","robots":{"index":"noindex","follow":"follow","max-snippet":"max-snippet:-1","max-image-preview":"max-image-preview:large","max-video-preview":"max-video-preview:-1"},"og_locale":"de_DE","og_type":"article","og_title":"Bechallungstechnik","og_description":"Bechallungstechnik","og_url":"https:\/\/bencke.de\/staging\/medientechnik-konferenzraeume\/beschallung\/","og_site_name":"BENCKE multimedia GmbH Staging","article_publisher":"https:\/\/www.facebook.com\/Bencke-Multimedia-GmbH-109591069133129\/","article_modified_time":"2018-08-24T07:04:16+00:00","og_image":[{"width":1920,"height":600,"url":"https:\/\/bencke.de\/staging\/wp-content\/uploads\/2017\/05\/IMG_1651.jpg","type":"image\/jpeg"}],"twitter_card":"summary_large_image","schema":{"@context":"https:\/\/schema.org","@graph":[{"@type":"WebPage","@id":"https:\/\/bencke.de\/staging\/medientechnik-konferenzraeume\/beschallung\/","url":"https:\/\/bencke.de\/staging\/medientechnik-konferenzraeume\/beschallung\/","name":"Bechallungstechnik","isPartOf":{"@id":"https:\/\/bencke.de\/staging\/#website"},"primaryImageOfPage":{"@id":"https:\/\/bencke.de\/staging\/medientechnik-konferenzraeume\/beschallung\/#primaryimage"},"image":{"@id":"https:\/\/bencke.de\/staging\/medientechnik-konferenzraeume\/beschallung\/#primaryimage"},"thumbnailUrl":"https:\/\/bencke.de\/staging\/wp-content\/uploads\/2017\/05\/IMG_1651.jpg","datePublished":"2018-01-26T16:00:26+00:00","dateModified":"2018-08-24T07:04:16+00:00","description":"Bechallungstechnik","breadcrumb":{"@id":"https:\/\/bencke.de\/staging\/medientechnik-konferenzraeume\/beschallung\/#breadcrumb"},"inLanguage":"de","potentialAction":[{"@type":"ReadAction","target":["https:\/\/bencke.de\/staging\/medientechnik-konferenzraeume\/beschallung\/"]}]},{"@type":"ImageObject","inLanguage":"de","@id":"https:\/\/bencke.de\/staging\/medientechnik-konferenzraeume\/beschallung\/#primaryimage","url":"https:\/\/bencke.de\/staging\/wp-content\/uploads\/2017\/05\/IMG_1651.jpg","contentUrl":"https:\/\/bencke.de\/staging\/wp-content\/uploads\/2017\/05\/IMG_1651.jpg","width":1920,"height":600},{"@type":"BreadcrumbList","@id":"https:\/\/bencke.de\/staging\/medientechnik-konferenzraeume\/beschallung\/#breadcrumb","itemListElement":[{"@type":"ListItem","position":1,"name":"Startseite","item":"https:\/\/bencke.de\/staging\/"},{"@type":"ListItem","position":2,"name":"Medientechnik &#038; Konferenzr\u00e4ume","item":"https:\/\/bencke.de\/staging\/medientechnik-konferenzraeume\/"},{"@type":"ListItem","position":3,"name":"Beschallungstechnik"}]},{"@type":"WebSite","@id":"https:\/\/bencke.de\/staging\/#website","url":"https:\/\/bencke.de\/staging\/","name":"BENCKE multimedia GmbH Staging","description":"","potentialAction":[{"@type":"SearchAction","target":{"@type":"EntryPoint","urlTemplate":"https:\/\/bencke.de\/staging\/?s={search_term_string}"},"query-input":{"@type":"PropertyValueSpecification","valueRequired":true,"valueName":"search_term_string"}}],"inLanguage":"de"}]}},"_links":{"self":[{"href":"https:\/\/bencke.de\/staging\/wp-json\/wp\/v2\/pages\/1560","targetHints":{"allow":["GET"]}}],"collection":[{"href":"https:\/\/bencke.de\/staging\/wp-json\/wp\/v2\/pages"}],"about":[{"href":"https:\/\/bencke.de\/staging\/wp-json\/wp\/v2\/types\/page"}],"author":[{"embeddable":true,"href":"https:\/\/bencke.de\/staging\/wp-json\/wp\/v2\/users\/2"}],"replies":[{"embeddable":true,"href":"https:\/\/bencke.de\/staging\/wp-json\/wp\/v2\/comments?post=1560"}],"version-history":[{"count":33,"href":"https:\/\/bencke.de\/staging\/wp-json\/wp\/v2\/pages\/1560\/revisions"}],"predecessor-version":[{"id":2235,"href":"https:\/\/bencke.de\/staging\/wp-json\/wp\/v2\/pages\/1560\/revisions\/2235"}],"up":[{"embeddable":true,"href":"https:\/\/bencke.de\/staging\/wp-json\/wp\/v2\/pages\/864"}],"wp:featuredmedia":[{"embeddable":true,"href":"https:\/\/bencke.de\/staging\/wp-json\/wp\/v2\/media\/1297"}],"wp:attachment":[{"href":"https:\/\/bencke.de\/staging\/wp-json\/wp\/v2\/media?parent=1560"}],"curies":[{"name":"wp","href":"https:\/\/api.w.org\/{rel}","templated":true}]}}