{"id":843,"date":"2017-05-09T16:23:26","date_gmt":"2017-05-09T14:23:26","guid":{"rendered":"https:\/\/bencke.de\/?page_id=843"},"modified":"2018-08-24T09:03:00","modified_gmt":"2018-08-24T07:03:00","slug":"fernseher-hifi-anlagen","status":"publish","type":"page","link":"https:\/\/bencke.de\/staging\/fernseher-hifi-anlagen\/","title":{"rendered":"Fernsehen &#038; HiFi"},"content":{"rendered":"<div id=\"pl-843\"  class=\"panel-layout\" ><div id=\"pg-843-0\"  class=\"panel-grid panel-has-style\" ><div class=\"test1 panel-row-style panel-row-style-for-843-0\" ><div id=\"pgc-843-0-0\"  class=\"panel-grid-cell\" ><div class=\"test2 panel-cell-style panel-cell-style-for-843-0-0\" ><div id=\"panel-843-0-0-0\" class=\"so-panel widget widget_sow-editor panel-first-child\" data-index=\"0\" ><div\n\t\t\t\n\t\t\tclass=\"so-widget-sow-editor so-widget-sow-editor-base\"\n\t\t\t\n\t\t>\n<div class=\"siteorigin-widget-tinymce textwidget\">\n\t<h1>Fernsehen &amp; HiFi<\/h1>\n<\/div>\n<\/div><\/div><div id=\"panel-843-0-0-1\" class=\"so-panel widget widget_sow-editor\" data-index=\"1\" ><div\n\t\t\t\n\t\t\tclass=\"so-widget-sow-editor so-widget-sow-editor-base\"\n\t\t\t\n\t\t>\n<div class=\"siteorigin-widget-tinymce textwidget\">\n\t<h3 class=\"tinymcewysiwyg\">Rein Digital \u2013 reiner Genu\u00df!<\/h3>\n<p>Kommen Sie zu uns in die Welt der multimedialen Unterhaltungselektronik.<\/p>\n<p>Neben der klassischen Unterhaltungselektronik zeigen wir Ihnen Technik der neuesten Generation mit ihren zukunftsorientierten multimedialen Anwendungen.<\/p>\n<p>* Fernseher * HiFi-Ger\u00e4te * DVD-Rekorder * DVD-Player * TV-Festplattenreceiver * Beamer * Heimkino<\/p>\n<\/div>\n<\/div><\/div><div id=\"panel-843-0-0-2\" class=\"so-panel widget widget_sow-editor\" data-index=\"2\" ><div\n\t\t\t\n\t\t\tclass=\"so-widget-sow-editor so-widget-sow-editor-base\"\n\t\t\t\n\t\t><h3 class=\"widget-title\"><span class=\"widget-title__inline\">TV<\/span><\/h3>\n<div class=\"siteorigin-widget-tinymce textwidget\">\n\t<div class=\"siteorigin-widget-tinymce textwidget\">\n<div class=\"textwidget\">\n<h3>Fernseher vom Feinsten<\/h3>\n<p class=\"tinymcewysiwyg\">Pers\u00f6nliche Beratung, pers\u00f6nlicher Service und dazu sehr g\u00fcnstige Preise - das alles bietet Ihnen BENCKE. Egal ob Sie ein sehr g\u00fcnstiges Einstiegsger\u00e4t oder ein TV-Ger\u00e4t der Spitzenklasse suchen:<\/p>\n<h4 class=\"tinymcewysiwyg\">Wir beraten Sie pers\u00f6nlich und in aller Ruhe.<\/h4>\n<p>Sch\u00f6ne vernetzte Welt. TV auf allen Ger\u00e4ten. Die Werbung sagt \"Alles ganz einfach!\" - Wir sagen Ihnen wie es wirklich funktioniert<\/p>\n<p>Die Fernsehtechnik hat sich in den letzten Jahren stark ver\u00e4ndert. Bildqualit\u00e4ten werden immer besser, die Bildschirme immer gr\u00f6\u00dfer. Fernseher k\u00f6nnen inzwischen viel mehr, als nur schlicht das Fernseh-Programm wiederzugeben.<\/p>\n<p>LED, QLED, OLED, Smart TV, 4K, UHD, HDTV<\/p>\n<p>Die Technik Profis von Bencke erkl\u00e4ren ihnen die Begriffe zeigen ihnen in aller Ruhe die Ger\u00e4te und finden mit Ihnen gemeinsam ihr Wunschger\u00e4t<\/p>\n<h4>Der gute Ton zum Bild<\/h4>\n<p>Zum guten Bild geh\u00f6rt der gute Ton. Wir\u00a0finden die passende L\u00f6sung f\u00fcr Sie, damit ihr Fernsehabend zum Erlebnis wird.<\/p>\n<p>Machen Sie es sich einfach: Wir liefern Ihren neuen Fernseher sachgerecht, stellen das Ger\u00e4t auf, schlie\u00dfen externe Zusatzger\u00e4te an und stellen die Sender ein und erkl\u00e4ren Ihnen die Bedienung. Auf Wunsch entsorgen wir Ihr Altger\u00e4t!<\/p>\n<p>Sie brauchen Platz ? Unsere erfahrenen Techniker montieren Ihren Flachbildfernseher an die Wand und verlegen die Kabel ordentlich und sauber.<\/p>\n<\/div>\n<\/div>\n<\/div>\n<\/div><\/div><div id=\"panel-843-0-0-3\" class=\"so-panel widget widget_sow-editor panel-last-child\" data-index=\"3\" ><div\n\t\t\t\n\t\t\tclass=\"so-widget-sow-editor so-widget-sow-editor-base\"\n\t\t\t\n\t\t><h3 class=\"widget-title\"><span class=\"widget-title__inline\">HiFi<\/span><\/h3>\n<div class=\"siteorigin-widget-tinymce textwidget\">\n\t<div class=\"siteorigin-widget-tinymce textwidget\">\n<div class=\"textwidget\">\n<h3>Music was my first love.......<\/h3>\n<p>Entdecken Sie unser sorgf\u00e4ltig zusammengestelltes Angebot an Lautsprechern, Verst\u00e4rker-L\u00f6sungen, CD- und Streaming-Playern, Plattenspielern sowie ausgew\u00e4hlten Zubeh\u00f6r-Komponenten rund um das Thema HiFi. Vom klassischen HiFi-Ger\u00e4t bis zum flexiblen Multiroomsystem. Die Technik Profis von Bencke stehen Ihnen bei Fragen und Problemen mit Rat und Tat zur Seite.<\/p>\n<p>Wie kommt die geliebte Stereoanlage ins Internet? Wir zeigen Ihnen den Weg vom Internetradio zu Ihren bestehenden Lautsprechern.<\/p>\n<p>Bencke liefert L\u00f6sungen f\u00fcr den perfekten Klang im Wohnzimmer f\u00fcr Ihr pers\u00f6nliches Heimkinosystem oder einfach f\u00fcr Ihre K\u00fcche, Ihren Arbeits- oder Fitnessraum.<\/p>\n<h4 class=\"tinymcewysiwyg\">\u00a0<\/h4>\n<h4 class=\"tinymcewysiwyg\">Unser Tipp:<\/h4>\n<p>Bringen Sie zum Probeh\u00f6ren doch einfach Ihre Lieblings CD mit.<\/p>\n<p><strong>Haben Sie einen ganz besonderen Wunsch?<br \/> Gerne beschaffen wir auch andere Musikanlagen.<\/strong><\/p>\n<\/div>\n<\/div>\n<\/div>\n<\/div><\/div><\/div><\/div><div id=\"pgc-843-0-1\"  class=\"panel-grid-cell\" ><div class=\"test2 panel-cell-style panel-cell-style-for-843-0-1\" ><div id=\"panel-843-0-1-0\" class=\"so-panel widget widget_sow-editor panel-first-child\" data-index=\"4\" ><div\n\t\t\t\n\t\t\tclass=\"so-widget-sow-editor so-widget-sow-editor-base\"\n\t\t\t\n\t\t>\n<div class=\"siteorigin-widget-tinymce textwidget\">\n\t<p><strong><a href=\"https:\/\/www.euronics.de\/\" target=\"_blank\" rel=\"noopener noreferrer\"><img loading=\"lazy\" decoding=\"async\" class=\"alignleft wp-image-840 size-full\" src=\"https:\/\/bencke.de\/wp-content\/uploads\/2017\/05\/euronics.jpg\" alt=\"\" width=\"145\" height=\"81\"><\/a>Unsere EURONICS PREISGARANTIE<\/strong><br \/> Finden Sie einen bei uns gekauften Artikel innerhalb von 10 Tagen in einem Einzelhandelsgesch\u00e4ft im Umkreis von 30 Kilometern bei gleichen Leistungen g\u00fcnstiger, erstatten wir den Differenz-betrag.<\/p>\n<\/div>\n<\/div><\/div><div id=\"panel-843-0-1-1\" class=\"so-panel widget widget_pw_person_profile widget-person-profile\" data-index=\"5\" >\n\t<div class=\"card  person-profile\">\n\t\t\t\t<img decoding=\"async\" class=\"person-profile__image  wp-post-image\" src=\"https:\/\/bencke.de\/wp-content\/uploads\/2017\/05\/Oliver-Streeck-2.jpg\" alt=\"Bild von Oliver Streeck\">\n\t\t\t\t<div class=\"card-block  person-profile__container\">\n\t\t\t\t\t\t\t<div class=\"person-profile__social-icons\">\n\t\t\t\t\t\t\t\t\t\t\t<a class=\"person-profile__social-icon\" href=\"tel:+494141411130\" target=\"_self\"><i class=\"fa  fa-phone-square\"><\/i><\/a>\n\t\t\t\t\t\t\t\t\t\t\t<a class=\"person-profile__social-icon\" href=\"mailto:oliver.streeck@bencke.de\" target=\"_self\"><i class=\"fa  fa-envelope-square\"><\/i><\/a>\n\t\t\t\t\t\t\t\t\t<\/div>\n\t\t\t\t\t\t<div class=\"person-profile__content\">\n\t\t\t\t\t\t\t\t\t<span class=\"person-profile__tag\">Radio- u. Fernsehtechnikermeister und Pluralmedia Berater<\/span>\n\t\t\t\t\t\t\t\t<h4 class=\"card-title  person-profile__name\">Oliver Streeck<\/h4>\n\t\t\t\t<p class=\"card-text  person-profile__description\">Telefon: 04141 - 41 11 30<\/p>\n\t\t\t<\/div>\n\t\t<\/div>\n\t<\/div>\n\n<\/div><div id=\"panel-843-0-1-2\" class=\"so-panel widget widget_pw_person_profile widget-person-profile\" data-index=\"6\" >\n\t<div class=\"card  person-profile\">\n\t\t\t\t<img decoding=\"async\" class=\"person-profile__image  wp-post-image\" src=\"https:\/\/bencke.de\/wp-content\/uploads\/2017\/05\/Michael.Schreder.jpg\" alt=\"Bild von Michael Schreder\">\n\t\t\t\t<div class=\"card-block  person-profile__container\">\n\t\t\t\t\t\t\t<div class=\"person-profile__social-icons\">\n\t\t\t\t\t\t\t\t\t\t\t<a class=\"person-profile__social-icon\" href=\"tel:+494141411140\" target=\"_self\"><i class=\"fa  fa-phone-square\"><\/i><\/a>\n\t\t\t\t\t\t\t\t\t\t\t<a class=\"person-profile__social-icon\" href=\"mailto:michael.schreder@bencke.de\" target=\"_self\"><i class=\"fa  fa-envelope-square\"><\/i><\/a>\n\t\t\t\t\t\t\t\t\t<\/div>\n\t\t\t\t\t\t<div class=\"person-profile__content\">\n\t\t\t\t\t\t\t\t\t<span class=\"person-profile__tag\">Gesch\u00e4ftsf\u00fchrender Gesellschafter - Vertriebsleiter Unterhaltungselektronik<\/span>\n\t\t\t\t\t\t\t\t<h4 class=\"card-title  person-profile__name\">Michael Schreder<\/h4>\n\t\t\t\t<p class=\"card-text  person-profile__description\">Telefon: 04141 - 41 11 31<\/p>\n\t\t\t<\/div>\n\t\t<\/div>\n\t<\/div>\n\n<\/div><div id=\"panel-843-0-1-3\" class=\"so-panel widget widget_sow-editor panel-last-child\" data-index=\"7\" ><div\n\t\t\t\n\t\t\tclass=\"so-widget-sow-editor so-widget-sow-editor-base\"\n\t\t\t\n\t\t>\n<div class=\"siteorigin-widget-tinymce textwidget\">\n\t<h3>Ihre Vorteile<\/h3>\n<ul>\n<li>Pers\u00f6nliche, faire Beratung<\/li>\n<li>Service<\/li>\n<li>Eigene Meisterwerkstatt<\/li>\n<li>Eigener Kundendienst<\/li>\n<li>Montageservice<\/li>\n<li>Lieferung<\/li>\n<li>Preissicherheit \/ Preisgarantie<\/li>\n<li>Finanzierung<\/li>\n<li>Parkpl\u00e4tze<\/li>\n<li>Zentral in Stade gelegen<\/li>\n<li>Geschulte Mitarbeiter<\/li>\n<\/ul>\n<\/div>\n<\/div><\/div><\/div><\/div><\/div><\/div><div id=\"pg-843-1\"  class=\"panel-grid panel-has-style\" ><div class=\"siteorigin-panels-stretch panel-row-style panel-row-style-for-843-1\" data-stretch-type=\"full-stretched\" ><div id=\"pgc-843-1-0\"  class=\"panel-grid-cell\" ><div id=\"panel-843-1-0-0\" class=\"so-panel widget widget_black-studio-tinymce widget_black_studio_tinymce panel-first-child panel-last-child\" data-index=\"8\" ><div class=\"cmmap panel-widget-style panel-widget-style-for-843-1-0-0\" ><div class=\"textwidget\"><p> <div class=\"brlbs-cmpnt-container brlbs-cmpnt-content-blocker brlbs-cmpnt-with-individual-styles\" data-borlabs-cookie-content-blocker-id=\"default\" data-borlabs-cookie-content=\"PGlmcmFtZSBsb2FkaW5nPSJsYXp5IiB3aWR0aD0iMTAwJSIgaGVpZ2h0PSI0MDAiIGZyYW1lYm9yZGVyPSIwIiBzY3JvbGxpbmc9Im5vIiBzcmM9Imh0dHBzOi8vYXBwcy5jaXR5LW1hcC5kZS9pbmRleC5waHAvTWFwcy9NYWluQ3VzdG9tZXIvMC8xNTY4L2FwcHMuY2l0eS1tYXAuZGUvZGUvaW50ZXJhY3RpdmUvNDUwLzQ1MC8yIj4gPC9pZnJhbWU+\"><div class=\"brlbs-cmpnt-cb-preset-a\"> <p class=\"brlbs-cmpnt-cb-description\">Sie sehen gerade einen Platzhalterinhalt von <strong>Standard<\/strong>. Um auf den eigentlichen Inhalt zuzugreifen, klicken Sie auf den Button unten. Bitte beachten Sie, dass dabei Daten an Drittanbieter weitergegeben werden.<\/p> <div class=\"brlbs-cmpnt-cb-buttons\"> <a class=\"brlbs-cmpnt-cb-btn\" href=\"#\" data-borlabs-cookie-unblock role=\"button\">Inhalt entsperren<\/a> <a class=\"brlbs-cmpnt-cb-btn\" href=\"#\" data-borlabs-cookie-accept-service role=\"button\" style=\"display: none\">Erforderlichen Service akzeptieren und Inhalte entsperren<\/a> <\/div> <a class=\"brlbs-cmpnt-cb-provider-toggle\" href=\"#\" data-borlabs-cookie-show-provider-information role=\"button\">Weitere Informationen<\/a> <\/div><\/div><\/p>\n<\/div><\/div><\/div><\/div><\/div><\/div><\/div>","protected":false},"excerpt":{"rendered":"<p>Ob klassisch oder modern, wir zeigen Ihnen die Technik der neusten Generation &#8211; in unserem Sortiment finden Sie: TV, HiFi, Videosysteme, Beschallungs-Anlagen und Antennen-Anlagen.<\/p>\n","protected":false},"author":1,"featured_media":2045,"parent":0,"menu_order":0,"comment_status":"closed","ping_status":"closed","template":"template-front-page-slider.php","meta":{"_acf_changed":false,"footnotes":""},"class_list":["post-843","page","type-page","status-publish","has-post-thumbnail","hentry"],"acf":[],"yoast_head":"<!-- This site is optimized with the Yoast SEO plugin v27.5 - https:\/\/yoast.com\/product\/yoast-seo-wordpress\/ -->\n<title>LCD und LED Fernseher &amp; Hifi-Anlagen | BENCKE Stade<\/title>\n<meta name=\"description\" content=\"Gro\u00dfe Auswahl an LCD und LED Fernsehehr von Samsung, LG, Metz und Co.. Hifianlagen inklusive - Fernseher kaufen Stade bei BENCKE\" \/>\n<meta name=\"robots\" content=\"noindex, follow, max-snippet:-1, max-image-preview:large, max-video-preview:-1\" \/>\n<meta property=\"og:locale\" content=\"de_DE\" \/>\n<meta property=\"og:type\" content=\"article\" \/>\n<meta property=\"og:title\" content=\"LCD und LED Fernseher &amp; Hifi-Anlagen | BENCKE Stade\" \/>\n<meta property=\"og:description\" content=\"Gro\u00dfe Auswahl an LCD und LED Fernsehehr von Samsung, LG, Metz und Co.. Hifianlagen inklusive - Fernseher kaufen Stade bei BENCKE\" \/>\n<meta property=\"og:url\" content=\"https:\/\/bencke.de\/staging\/fernseher-hifi-anlagen\/\" \/>\n<meta property=\"og:site_name\" content=\"BENCKE multimedia GmbH Staging\" \/>\n<meta property=\"article:publisher\" content=\"https:\/\/www.facebook.com\/Bencke-Multimedia-GmbH-109591069133129\/\" \/>\n<meta property=\"article:modified_time\" content=\"2018-08-24T07:03:00+00:00\" \/>\n<meta property=\"og:image\" content=\"https:\/\/bencke.de\/staging\/wp-content\/uploads\/2017\/05\/metzwand2.jpg\" \/>\n\t<meta property=\"og:image:width\" content=\"1920\" \/>\n\t<meta property=\"og:image:height\" content=\"600\" \/>\n\t<meta property=\"og:image:type\" content=\"image\/jpeg\" \/>\n<meta name=\"twitter:card\" content=\"summary_large_image\" \/>\n<meta name=\"twitter:label1\" content=\"Gesch\u00e4tzte Lesezeit\" \/>\n\t<meta name=\"twitter:data1\" content=\"2\u00a0Minuten\" \/>\n<script type=\"application\/ld+json\" class=\"yoast-schema-graph\">{\"@context\":\"https:\\\/\\\/schema.org\",\"@graph\":[{\"@type\":\"WebPage\",\"@id\":\"https:\\\/\\\/bencke.de\\\/staging\\\/fernseher-hifi-anlagen\\\/\",\"url\":\"https:\\\/\\\/bencke.de\\\/staging\\\/fernseher-hifi-anlagen\\\/\",\"name\":\"LCD und LED Fernseher & Hifi-Anlagen | BENCKE Stade\",\"isPartOf\":{\"@id\":\"https:\\\/\\\/bencke.de\\\/staging\\\/#website\"},\"primaryImageOfPage\":{\"@id\":\"https:\\\/\\\/bencke.de\\\/staging\\\/fernseher-hifi-anlagen\\\/#primaryimage\"},\"image\":{\"@id\":\"https:\\\/\\\/bencke.de\\\/staging\\\/fernseher-hifi-anlagen\\\/#primaryimage\"},\"thumbnailUrl\":\"https:\\\/\\\/bencke.de\\\/staging\\\/wp-content\\\/uploads\\\/2017\\\/05\\\/metzwand2.jpg\",\"datePublished\":\"2017-05-09T14:23:26+00:00\",\"dateModified\":\"2018-08-24T07:03:00+00:00\",\"description\":\"Gro\u00dfe Auswahl an LCD und LED Fernsehehr von Samsung, LG, Metz und Co.. Hifianlagen inklusive - Fernseher kaufen Stade bei BENCKE\",\"breadcrumb\":{\"@id\":\"https:\\\/\\\/bencke.de\\\/staging\\\/fernseher-hifi-anlagen\\\/#breadcrumb\"},\"inLanguage\":\"de\",\"potentialAction\":[{\"@type\":\"ReadAction\",\"target\":[\"https:\\\/\\\/bencke.de\\\/staging\\\/fernseher-hifi-anlagen\\\/\"]}]},{\"@type\":\"ImageObject\",\"inLanguage\":\"de\",\"@id\":\"https:\\\/\\\/bencke.de\\\/staging\\\/fernseher-hifi-anlagen\\\/#primaryimage\",\"url\":\"https:\\\/\\\/bencke.de\\\/staging\\\/wp-content\\\/uploads\\\/2017\\\/05\\\/metzwand2.jpg\",\"contentUrl\":\"https:\\\/\\\/bencke.de\\\/staging\\\/wp-content\\\/uploads\\\/2017\\\/05\\\/metzwand2.jpg\",\"width\":1920,\"height\":600},{\"@type\":\"BreadcrumbList\",\"@id\":\"https:\\\/\\\/bencke.de\\\/staging\\\/fernseher-hifi-anlagen\\\/#breadcrumb\",\"itemListElement\":[{\"@type\":\"ListItem\",\"position\":1,\"name\":\"Startseite\",\"item\":\"https:\\\/\\\/bencke.de\\\/staging\\\/\"},{\"@type\":\"ListItem\",\"position\":2,\"name\":\"Fernsehen &#038; HiFi\"}]},{\"@type\":\"WebSite\",\"@id\":\"https:\\\/\\\/bencke.de\\\/staging\\\/#website\",\"url\":\"https:\\\/\\\/bencke.de\\\/staging\\\/\",\"name\":\"BENCKE multimedia GmbH Staging\",\"description\":\"\",\"potentialAction\":[{\"@type\":\"SearchAction\",\"target\":{\"@type\":\"EntryPoint\",\"urlTemplate\":\"https:\\\/\\\/bencke.de\\\/staging\\\/?s={search_term_string}\"},\"query-input\":{\"@type\":\"PropertyValueSpecification\",\"valueRequired\":true,\"valueName\":\"search_term_string\"}}],\"inLanguage\":\"de\"}]}<\/script>\n<!-- \/ Yoast SEO plugin. -->","yoast_head_json":{"title":"LCD und LED Fernseher & Hifi-Anlagen | BENCKE Stade","description":"Gro\u00dfe Auswahl an LCD und LED Fernsehehr von Samsung, LG, Metz und Co.. Hifianlagen inklusive - Fernseher kaufen Stade bei BENCKE","robots":{"index":"noindex","follow":"follow","max-snippet":"max-snippet:-1","max-image-preview":"max-image-preview:large","max-video-preview":"max-video-preview:-1"},"og_locale":"de_DE","og_type":"article","og_title":"LCD und LED Fernseher & Hifi-Anlagen | BENCKE Stade","og_description":"Gro\u00dfe Auswahl an LCD und LED Fernsehehr von Samsung, LG, Metz und Co.. Hifianlagen inklusive - Fernseher kaufen Stade bei BENCKE","og_url":"https:\/\/bencke.de\/staging\/fernseher-hifi-anlagen\/","og_site_name":"BENCKE multimedia GmbH Staging","article_publisher":"https:\/\/www.facebook.com\/Bencke-Multimedia-GmbH-109591069133129\/","article_modified_time":"2018-08-24T07:03:00+00:00","og_image":[{"width":1920,"height":600,"url":"https:\/\/bencke.de\/staging\/wp-content\/uploads\/2017\/05\/metzwand2.jpg","type":"image\/jpeg"}],"twitter_card":"summary_large_image","twitter_misc":{"Gesch\u00e4tzte Lesezeit":"2\u00a0Minuten"},"schema":{"@context":"https:\/\/schema.org","@graph":[{"@type":"WebPage","@id":"https:\/\/bencke.de\/staging\/fernseher-hifi-anlagen\/","url":"https:\/\/bencke.de\/staging\/fernseher-hifi-anlagen\/","name":"LCD und LED Fernseher & Hifi-Anlagen | BENCKE Stade","isPartOf":{"@id":"https:\/\/bencke.de\/staging\/#website"},"primaryImageOfPage":{"@id":"https:\/\/bencke.de\/staging\/fernseher-hifi-anlagen\/#primaryimage"},"image":{"@id":"https:\/\/bencke.de\/staging\/fernseher-hifi-anlagen\/#primaryimage"},"thumbnailUrl":"https:\/\/bencke.de\/staging\/wp-content\/uploads\/2017\/05\/metzwand2.jpg","datePublished":"2017-05-09T14:23:26+00:00","dateModified":"2018-08-24T07:03:00+00:00","description":"Gro\u00dfe Auswahl an LCD und LED Fernsehehr von Samsung, LG, Metz und Co.. Hifianlagen inklusive - Fernseher kaufen Stade bei BENCKE","breadcrumb":{"@id":"https:\/\/bencke.de\/staging\/fernseher-hifi-anlagen\/#breadcrumb"},"inLanguage":"de","potentialAction":[{"@type":"ReadAction","target":["https:\/\/bencke.de\/staging\/fernseher-hifi-anlagen\/"]}]},{"@type":"ImageObject","inLanguage":"de","@id":"https:\/\/bencke.de\/staging\/fernseher-hifi-anlagen\/#primaryimage","url":"https:\/\/bencke.de\/staging\/wp-content\/uploads\/2017\/05\/metzwand2.jpg","contentUrl":"https:\/\/bencke.de\/staging\/wp-content\/uploads\/2017\/05\/metzwand2.jpg","width":1920,"height":600},{"@type":"BreadcrumbList","@id":"https:\/\/bencke.de\/staging\/fernseher-hifi-anlagen\/#breadcrumb","itemListElement":[{"@type":"ListItem","position":1,"name":"Startseite","item":"https:\/\/bencke.de\/staging\/"},{"@type":"ListItem","position":2,"name":"Fernsehen &#038; HiFi"}]},{"@type":"WebSite","@id":"https:\/\/bencke.de\/staging\/#website","url":"https:\/\/bencke.de\/staging\/","name":"BENCKE multimedia GmbH Staging","description":"","potentialAction":[{"@type":"SearchAction","target":{"@type":"EntryPoint","urlTemplate":"https:\/\/bencke.de\/staging\/?s={search_term_string}"},"query-input":{"@type":"PropertyValueSpecification","valueRequired":true,"valueName":"search_term_string"}}],"inLanguage":"de"}]}},"_links":{"self":[{"href":"https:\/\/bencke.de\/staging\/wp-json\/wp\/v2\/pages\/843","targetHints":{"allow":["GET"]}}],"collection":[{"href":"https:\/\/bencke.de\/staging\/wp-json\/wp\/v2\/pages"}],"about":[{"href":"https:\/\/bencke.de\/staging\/wp-json\/wp\/v2\/types\/page"}],"author":[{"embeddable":true,"href":"https:\/\/bencke.de\/staging\/wp-json\/wp\/v2\/users\/1"}],"replies":[{"embeddable":true,"href":"https:\/\/bencke.de\/staging\/wp-json\/wp\/v2\/comments?post=843"}],"version-history":[{"count":201,"href":"https:\/\/bencke.de\/staging\/wp-json\/wp\/v2\/pages\/843\/revisions"}],"predecessor-version":[{"id":2228,"href":"https:\/\/bencke.de\/staging\/wp-json\/wp\/v2\/pages\/843\/revisions\/2228"}],"wp:featuredmedia":[{"embeddable":true,"href":"https:\/\/bencke.de\/staging\/wp-json\/wp\/v2\/media\/2045"}],"wp:attachment":[{"href":"https:\/\/bencke.de\/staging\/wp-json\/wp\/v2\/media?parent=843"}],"curies":[{"name":"wp","href":"https:\/\/api.w.org\/{rel}","templated":true}]}}