{"id":858,"date":"2017-05-09T16:36:57","date_gmt":"2017-05-09T14:36:57","guid":{"rendered":"https:\/\/bencke.de\/?page_id=858"},"modified":"2018-08-24T09:05:22","modified_gmt":"2018-08-24T07:05:22","slug":"telefonanlagen-tuersprechanlagen","status":"publish","type":"page","link":"https:\/\/bencke.de\/staging\/telefonanlagen-tuersprechanlagen\/","title":{"rendered":"Telefone &#038; Telefonanlagen"},"content":{"rendered":"<div id=\"pl-858\"  class=\"panel-layout\" ><div id=\"pg-858-0\"  class=\"panel-grid panel-has-style\" ><div class=\"test1 panel-row-style panel-row-style-for-858-0\" ><div id=\"pgc-858-0-0\"  class=\"panel-grid-cell\" ><div class=\"test2 panel-cell-style panel-cell-style-for-858-0-0\" ><div id=\"panel-858-0-0-0\" class=\"so-panel widget widget_sow-editor panel-first-child\" data-index=\"0\" ><div\n\t\t\t\n\t\t\tclass=\"so-widget-sow-editor so-widget-sow-editor-base\"\n\t\t\t\n\t\t>\n<div class=\"siteorigin-widget-tinymce textwidget\">\n\t<h1>Telefone &amp; Telefonanlagen<\/h1>\n<\/div>\n<\/div><\/div><div id=\"panel-858-0-0-1\" class=\"so-panel widget widget_sow-editor\" data-index=\"1\" ><div\n\t\t\t\n\t\t\tclass=\"so-widget-sow-editor so-widget-sow-editor-base\"\n\t\t\t\n\t\t>\n<div class=\"siteorigin-widget-tinymce textwidget\">\n\t<p>\u00a0<\/p>\n<h3 class=\"tinymcewysiwyg\"><strong>Telefonanlagen vernetzt \/ kabellos \/ mit UMTS \/ oder VoIP \/<br \/> DECT \/ CTI \/ UMS \/ TAPi....das volle Programm.<\/strong><\/h3>\n<p class=\"tinymcewysiwyg\">Am Telefon z\u00e4hlen 2 Dinge: eine freundliche Ansprache der Kunden und zuverl\u00e4ssige Erreichbarkeit. K\u00fcmmern Sie sich um die Ansprache Ihrer Kunden. Den Rest machen wir. Und weil nichts \u00e4rgerlicher ist, als eine auch noch so kurze Unterbrechung, z\u00e4hlen immer mehr Kunden auf uns.<br \/> Unser 24-Stunden Service. Ihrem Gesch\u00e4ft zuliebe.<\/p>\n<h4 class=\"tinymcewysiwyg\">BENCKE. Ihrem Gesch\u00e4ft zuliebe.<\/h4>\n<\/div>\n<\/div><\/div><div id=\"panel-858-0-0-2\" class=\"so-panel widget widget_sow-editor\" data-index=\"2\" ><div\n\t\t\t\n\t\t\tclass=\"so-widget-sow-editor so-widget-sow-editor-base\"\n\t\t\t\n\t\t><h3 class=\"widget-title\"><span class=\"widget-title__inline\">Panasonic<\/span><\/h3>\n<div class=\"siteorigin-widget-tinymce textwidget\">\n\t<div class=\"siteorigin-widget-tinymce textwidget\">\n<div class=\"textwidget\">\n<h3>Individuelle L\u00f6sungen von einem starken Partner<\/h3>\n<p class=\"tinymcewysiwyg\">Die Telekommunikationsl\u00f6sungen von Panasonic geh\u00f6ren zu den innovativsten und zuverl\u00e4ssigsten auf dem Markt. Wer sich f\u00fcr Panasonic entscheidet, w\u00e4hlt hohe Investitionssicherheit und h\u00f6chste Flexibilit\u00e4t.<\/p>\n<h4 class=\"tinymcewysiwyg\">Wir empfehlen Panasonic.<\/h4>\n<p class=\"tinymcewysiwyg\">Panasonic Systeme zeichnen sich durch hervorragende Qualit\u00e4t, modernes Design, leichte Bedienbarkeit und vor allem die bedarfsgerechte Skalierbarkeit aus.<br \/> Nicht umsonst z\u00e4hlt Panasonic zu den Top 3 in Westeuropa.<\/p>\n<p><img loading=\"lazy\" decoding=\"async\" class=\"size-medium wp-image-1222 alignnone\" src=\"https:\/\/bencke.de\/wp-content\/uploads\/2017\/05\/tde_komposition-300x251.jpg\" alt=\"\" width=\"300\" height=\"251\" srcset=\"https:\/\/bencke.de\/staging\/wp-content\/uploads\/2017\/05\/tde_komposition-300x251.jpg 300w, https:\/\/bencke.de\/staging\/wp-content\/uploads\/2017\/05\/tde_komposition.jpg 350w\" sizes=\"auto, (max-width: 300px) 100vw, 300px\" \/><\/p>\n<\/div>\n<\/div>\n<\/div>\n<\/div><\/div><div id=\"panel-858-0-0-3\" class=\"so-panel widget widget_sow-editor\" data-index=\"3\" ><div\n\t\t\t\n\t\t\tclass=\"so-widget-sow-editor so-widget-sow-editor-base\"\n\t\t\t\n\t\t><h3 class=\"widget-title\"><span class=\"widget-title__inline\">Myintercom<\/span><\/h3>\n<div class=\"siteorigin-widget-tinymce textwidget\">\n\t<div class=\"siteorigin-widget-tinymce textwidget\">\n<div class=\"textwidget\">\n<h3 class=\"tinymcewysiwyg\">IP-Video T\u00fcrsprechanlage f\u00fcr Smartphones und Tablets (iOS, Android)<\/h3>\n<p class=\"tinymcewysiwyg\"><img loading=\"lazy\" decoding=\"async\" class=\"size-full wp-image-1207 alignright\" src=\"https:\/\/bencke.de\/wp-content\/uploads\/2017\/05\/T\u00fcrsprechanlage.jpg\" alt=\"\" width=\"170\" height=\"288\" \/>myintercom ist die T\u00fcrsprechanlage f\u00fcr Ihr Smartphone oder Tablet. Sie besteht aus der T\u00fcrstation myintercom One oder myintercom Plus und der App myintercom f\u00fcr Ihr Android oder iOS Endger\u00e4t.<\/p>\n<p>Alle myintercom T\u00fcrstationen sind in vier Farbvarianten erh\u00e4ltlich: Aluminium natur, Edelstahl-Design, Wei\u00df pulverbeschichtet oder Gold eloxiert. Die hochwertige Frontblende der T\u00fcrstationen ist aus 4 mm starkem Aluminium in gewohnter Telecom Behnke Qualit\u00e4t gefertigt. Die T\u00fcrstationen verf\u00fcgen \u00fcber die Schutzklasse IP54 und sind damit witterungsbest\u00e4ndig.<\/p>\n<p>Alle Modelle sind mit einem hochwertigen Axis-Bildsensor ausgestattet. Damit ist sichergestellt, dass Sprache und Live-Bild jederzeit in ausgezeichneter Qualit\u00e4t \u00fcbertragen werden.<\/p>\n<p>Dank der 1000eyes Technologie ist der weltweite, mobile und sichere Zugriff auf Ihre T\u00fcrstation m\u00f6glich, der Installations- und Einrichtungsaufwand reduziert sich auf ein Minimum.<\/p>\n<h3 class=\"tinymcewysiwyg\">myintercom App<\/h3>\n<p><img loading=\"lazy\" decoding=\"async\" class=\"alignnone size-full wp-image-1206 alignleft\" src=\"https:\/\/bencke.de\/wp-content\/uploads\/2017\/05\/myintercomapp.png\" alt=\"\" width=\"130\" height=\"245\" \/>Die myintercom App bietet Ihnen die bequeme Nutzung mehrerer T\u00fcrstationen von einem Smartphone oder Tablet.<\/p>\n<p>Beim Bet\u00e4tigen der T\u00fcrklingel erfolgt eine Signalisierung auf Ihrem Smartphone oder Tablet (Ton und Pushmeldung). Die letzten 20 Besucher werden mit Bild und Datum\/Uhrzeit in der Historie hinterlegt. Auf dem Display sehen Sie das Lifebild von der T\u00fcr und bedienen die T\u00fcrsprechanlage. Durch Dr\u00fccken auf \u201eAbheben\" aktivieren Sie den Lautsprecher und k\u00f6nnen mit dem Besucher sprechen. Mit dem Button \u201eLicht an\" aktivieren Sie den Beleuchtungs-Ring. Mit dem Button \u201eT\u00fcr \u00f6ffnen\" l\u00f6sen Sie den T\u00fcr\u00f6ffner.<\/p>\n<p>Als Endger\u00e4t k\u00f6nnen Sie ein handels\u00fcbliches Smartphone oder Tablet verwenden. Die folgenden Plattformen werden derzeit unterst\u00fctzt:<\/p>\n<ul>\n<li>iOS 5 und neuer - iPhone 4S, iPhone 5, iPad<\/li>\n<li>Android 4 und neuer - Smartphones und Tablets (mind. Dual Core-Prozessor 2 x 1,2 GHz oder schneller)<\/li>\n<\/ul>\n<p><img loading=\"lazy\" decoding=\"async\" class=\"alignnone size-medium wp-image-1208\" src=\"https:\/\/bencke.de\/wp-content\/uploads\/2017\/05\/android-300x49.jpg\" alt=\"\" width=\"300\" height=\"49\" srcset=\"https:\/\/bencke.de\/staging\/wp-content\/uploads\/2017\/05\/android-300x49.jpg 300w, https:\/\/bencke.de\/staging\/wp-content\/uploads\/2017\/05\/android.jpg 444w\" sizes=\"auto, (max-width: 300px) 100vw, 300px\" \/><\/p>\n<p>Die myintercom App f\u00fcr iPhone, iPad und Android Smartphones\/Tablets ist kostenlos im Apple App Store und Google Play verf\u00fcgbar. Die Nutzung der T\u00fcrstation im hauseigenen WLAN (im selben LAN wie die T\u00fcrstation) ist kostenfrei. Optional k\u00f6nnen Sie die T\u00fcrstation zur Nutzung \u00fcber das Internet (WLAN\/UMTS) kostenpflichtig freischalten lassen.<\/p>\n<h3 class=\"tinymcewysiwyg\">Einfache Installation<\/h3>\n<p class=\"tinymcewysiwyg\">Die myintercom T\u00fcrstation wird mit dem Stromnetz und per Netzwerkkabel mit Ihrem Router verbunden. Optional steht ein 2-Draht \u00dcbertragungsmodul zur Verf\u00fcgung. Es sind weder Portweiterleitung noch DynDNS erforderlich. Sprache und das Kamerabild werden vom Router auf iPhones, iPads und Android-Ger\u00e4te \u00fcbertragen, zuhause im lokalen Netzwerk (LAN) und unterwegs sicher verschl\u00fcsselt via Internet (WLAN) oder 3G \/ 4G (UMTS \/ LTE) ohne Reichweitenbegrenzung . Optional kann im Innenbereich ein zus\u00e4tzlicher T\u00fcrgong angeschlossen werden. Mittels separatem, bauseits vorhandenen, T\u00fcr\u00f6ffner-Taster kann die T\u00fcr auch bei ausgeschaltetem Smartphone bequem von innen ge\u00f6ffnet werden.<\/p>\n<p class=\"tinymcewysiwyg\"><a href=\"http:\/\/www.myintercom.de\/de\/\" target=\"_blank\" rel=\"noopener noreferrer\"><img loading=\"lazy\" decoding=\"async\" class=\"alignnone size-medium wp-image-1210\" src=\"https:\/\/bencke.de\/wp-content\/uploads\/2017\/05\/how_it_works_highres_2-300x159.jpg\" alt=\"\" width=\"300\" height=\"159\" srcset=\"https:\/\/bencke.de\/staging\/wp-content\/uploads\/2017\/05\/how_it_works_highres_2-300x159.jpg 300w, https:\/\/bencke.de\/staging\/wp-content\/uploads\/2017\/05\/how_it_works_highres_2.jpg 444w\" sizes=\"auto, (max-width: 300px) 100vw, 300px\" \/><\/a><\/p>\n<\/div>\n<\/div>\n<\/div>\n<\/div><\/div><div id=\"panel-858-0-0-4\" class=\"so-panel widget widget_sow-editor\" data-index=\"4\" ><div\n\t\t\t\n\t\t\tclass=\"so-widget-sow-editor so-widget-sow-editor-base\"\n\t\t\t\n\t\t><h3 class=\"widget-title\"><span class=\"widget-title__inline\">myintercom Produktpalette<\/span><\/h3>\n<div class=\"siteorigin-widget-tinymce textwidget\">\n\t<div class=\"siteorigin-widget-tinymce textwidget\">\n<div class=\"textwidget\">\n<h3>myintercom One<\/h3>\n<p><img loading=\"lazy\" decoding=\"async\" class=\"alignnone size-full wp-image-1203 alignleft\" src=\"https:\/\/bencke.de\/wp-content\/uploads\/2017\/05\/myintercom-one.jpg\" alt=\"\" width=\"100\" height=\"170\" \/>Die IP-Video T\u00fcrstationen der Produktfamilie \"myintercom One\" verf\u00fcgen \u00fcber eine kompakte Bauform sowie eine Ruftaste und maximal ein ansteuerbares Relais (z.B. Haust\u00fcr).<\/p>\n<p>\u00a0<\/p>\n<\/div>\n<\/div>\n<\/div>\n<\/div><\/div><div id=\"panel-858-0-0-5\" class=\"so-panel widget widget_sow-editor\" data-index=\"5\" ><div\n\t\t\t\n\t\t\tclass=\"so-widget-sow-editor so-widget-sow-editor-base\"\n\t\t\t\n\t\t>\n<div class=\"siteorigin-widget-tinymce textwidget\">\n\t<h3>myintercom Plus<\/h3>\n<p><img loading=\"lazy\" decoding=\"async\" class=\"size-full wp-image-1204 alignleft\" src=\"https:\/\/bencke.de\/wp-content\/uploads\/2017\/05\/myintercom-plus.png\" alt=\"\" width=\"81\" height=\"195\">Die IP-Video T\u00fcrstationen der Produktfamilie \"myintercom Plus\" verf\u00fcgen \u00fcber eine modulare Bauform, ein bis drei Ruftasten, zwei ansteuerbare Relais (z.B. Haust\u00fcr und Garage) sowie zahlreicher Wahloptionen wie integrierte 2-Draht\u00fcbertragung (bis zu 100m Stromversorgung und gleichzeitig Daten\u00fcbertragung \u00fcber zwei Klingeldrahtadern), RFID Kartenleser und ein abgesetztes Sicherheitsrelais.<\/p>\n<\/div>\n<\/div><\/div><div id=\"panel-858-0-0-6\" class=\"so-panel widget widget_sow-editor panel-last-child\" data-index=\"6\" ><div\n\t\t\t\n\t\t\tclass=\"so-widget-sow-editor so-widget-sow-editor-base\"\n\t\t\t\n\t\t>\n<div class=\"siteorigin-widget-tinymce textwidget\">\n\t<h3>myintercom Stands\u00e4ulen<\/h3>\n<p><img loading=\"lazy\" decoding=\"async\" class=\"alignnone size-medium wp-image-1205 alignleft\" src=\"https:\/\/bencke.de\/wp-content\/uploads\/2017\/05\/myintercom-stands\u00e4ulen-69x300.png\" alt=\"\" width=\"69\" height=\"300\">Passend zu den myintercom T\u00fcrstationen stehen f\u00fcr den besonderen Eingangsbereich futuristisch elegante Stands\u00e4ulen bereit. Diese werden aus Aluminium gefertigt und in den Pulverbeschichtungen \u201eSilver\" (RAL 9006) und \u201eVerkehrswei\u00df\" (RAL 9016) verf\u00fcgbar.<\/p>\n<\/div>\n<\/div><\/div><\/div><\/div><div id=\"pgc-858-0-1\"  class=\"panel-grid-cell\" ><div class=\"test2 panel-cell-style panel-cell-style-for-858-0-1\" ><div id=\"panel-858-0-1-0\" class=\"so-panel widget widget_pw_person_profile widget-person-profile panel-first-child\" data-index=\"7\" >\n\t<div class=\"card  person-profile\">\n\t\t\t\t<img decoding=\"async\" class=\"person-profile__image  wp-post-image\" src=\"https:\/\/bencke.de\/wp-content\/uploads\/2017\/05\/Norbert.Juschka-2.jpg\" alt=\"Bild von Norbert Juschka\">\n\t\t\t\t<div class=\"card-block  person-profile__container\">\n\t\t\t\t\t\t\t<div class=\"person-profile__social-icons\">\n\t\t\t\t\t\t\t\t\t\t\t<a class=\"person-profile__social-icon\" href=\"tel:+494141411114\" target=\"_self\"><i class=\"fa  fa-phone-square\"><\/i><\/a>\n\t\t\t\t\t\t\t\t\t\t\t<a class=\"person-profile__social-icon\" href=\"mailto:norbert.juschka@bencke.de\" target=\"_self\"><i class=\"fa  fa-envelope-square\"><\/i><\/a>\n\t\t\t\t\t\t\t\t\t<\/div>\n\t\t\t\t\t\t<div class=\"person-profile__content\">\n\t\t\t\t\t\t\t\t\t<span class=\"person-profile__tag\">Vertriebsleiter Telefonanlagen<\/span>\n\t\t\t\t\t\t\t\t<h4 class=\"card-title  person-profile__name\">Norbert Juschka<\/h4>\n\t\t\t\t<p class=\"card-text  person-profile__description\">Telefon: 04141 - 41 11 14<\/p>\n\t\t\t<\/div>\n\t\t<\/div>\n\t<\/div>\n\n<\/div><div id=\"panel-858-0-1-1\" class=\"so-panel widget widget_sow-editor panel-last-child\" data-index=\"8\" ><div\n\t\t\t\n\t\t\tclass=\"so-widget-sow-editor so-widget-sow-editor-base\"\n\t\t\t\n\t\t>\n<div class=\"siteorigin-widget-tinymce textwidget\">\n\t<h3>Ihre Vorteile<\/h3>\n<ul>\n<li>Pers\u00f6nliche, faire Beratung<\/li>\n<li>Service<\/li>\n<li>Eigene Meisterwerkstatt<\/li>\n<li>Eigener Kundendienst<\/li>\n<li>Montageservice<\/li>\n<li>Lieferung<\/li>\n<li>Preissicherheit \/ Preisgarantie<\/li>\n<li>Finanzierung<\/li>\n<li>Parkpl\u00e4tze<\/li>\n<li>Zentral in Stade gelegen<\/li>\n<li>Geschulte Mitarbeiter<\/li>\n<\/ul>\n<\/div>\n<\/div><\/div><\/div><\/div><\/div><\/div><div id=\"pg-858-1\"  class=\"panel-grid panel-has-style\" ><div class=\"siteorigin-panels-stretch panel-row-style panel-row-style-for-858-1\" data-stretch-type=\"full-stretched\" ><div id=\"pgc-858-1-0\"  class=\"panel-grid-cell\" ><div id=\"panel-858-1-0-0\" class=\"so-panel widget widget_black-studio-tinymce widget_black_studio_tinymce panel-first-child panel-last-child\" data-index=\"9\" ><div class=\"cmmap panel-widget-style panel-widget-style-for-858-1-0-0\" ><div class=\"textwidget\"><p> <div class=\"brlbs-cmpnt-container brlbs-cmpnt-content-blocker brlbs-cmpnt-with-individual-styles\" data-borlabs-cookie-content-blocker-id=\"default\" data-borlabs-cookie-content=\"PGlmcmFtZSBsb2FkaW5nPSJsYXp5IiB3aWR0aD0iMTAwJSIgaGVpZ2h0PSI0MDAiIGZyYW1lYm9yZGVyPSIwIiBzY3JvbGxpbmc9Im5vIiBzcmM9Imh0dHBzOi8vYXBwcy5jaXR5LW1hcC5kZS9pbmRleC5waHAvTWFwcy9NYWluQ3VzdG9tZXIvMC8xNTY4L2FwcHMuY2l0eS1tYXAuZGUvZGUvaW50ZXJhY3RpdmUvNDUwLzQ1MC8yIj4gPC9pZnJhbWU+\"><div class=\"brlbs-cmpnt-cb-preset-a\"> <p class=\"brlbs-cmpnt-cb-description\">Sie sehen gerade einen Platzhalterinhalt von <strong>Standard<\/strong>. Um auf den eigentlichen Inhalt zuzugreifen, klicken Sie auf den Button unten. Bitte beachten Sie, dass dabei Daten an Drittanbieter weitergegeben werden.<\/p> <div class=\"brlbs-cmpnt-cb-buttons\"> <a class=\"brlbs-cmpnt-cb-btn\" href=\"#\" data-borlabs-cookie-unblock role=\"button\">Inhalt entsperren<\/a> <a class=\"brlbs-cmpnt-cb-btn\" href=\"#\" data-borlabs-cookie-accept-service role=\"button\" style=\"display: none\">Erforderlichen Service akzeptieren und Inhalte entsperren<\/a> <\/div> <a class=\"brlbs-cmpnt-cb-provider-toggle\" href=\"#\" data-borlabs-cookie-show-provider-information role=\"button\">Weitere Informationen<\/a> <\/div><\/div><\/p>\n<\/div><\/div><\/div><\/div><\/div><\/div><\/div>","protected":false},"excerpt":{"rendered":"<p>Sie legen Wert auf Qualit\u00e4t, modernes Design, leichte Bedienbarkeit, bedarfsgerechte Skalierbarkeit und zuverl\u00e4ssige Erreichbarkeit? Bencke bietet Ihnen das volle Programm!<\/p>\n","protected":false},"author":1,"featured_media":1311,"parent":0,"menu_order":0,"comment_status":"closed","ping_status":"closed","template":"template-front-page-slider.php","meta":{"_acf_changed":false,"footnotes":""},"class_list":["post-858","page","type-page","status-publish","has-post-thumbnail","hentry"],"acf":[],"yoast_head":"<!-- This site is optimized with the Yoast SEO plugin v27.5 - https:\/\/yoast.com\/product\/yoast-seo-wordpress\/ -->\n<title>Telefone und Telefonanlagen Stade | multimedia BENCKE<\/title>\n<meta name=\"description\" content=\"Verkauf, Einrichtung und Installation von Telefonanlagen Stade - Konifguration einer T\u00fcrsprechanlage f\u00fcr Smartphones via myintercom App\" \/>\n<meta name=\"robots\" content=\"noindex, follow, max-snippet:-1, max-image-preview:large, max-video-preview:-1\" \/>\n<meta property=\"og:locale\" content=\"de_DE\" \/>\n<meta property=\"og:type\" content=\"article\" \/>\n<meta property=\"og:title\" content=\"Telefone und Telefonanlagen Stade | multimedia BENCKE\" \/>\n<meta property=\"og:description\" content=\"Verkauf, Einrichtung und Installation von Telefonanlagen Stade - Konifguration einer T\u00fcrsprechanlage f\u00fcr Smartphones via myintercom App\" \/>\n<meta property=\"og:url\" content=\"https:\/\/bencke.de\/staging\/telefonanlagen-tuersprechanlagen\/\" \/>\n<meta property=\"og:site_name\" content=\"BENCKE multimedia GmbH Staging\" \/>\n<meta property=\"article:publisher\" content=\"https:\/\/www.facebook.com\/Bencke-Multimedia-GmbH-109591069133129\/\" \/>\n<meta property=\"article:modified_time\" content=\"2018-08-24T07:05:22+00:00\" \/>\n<meta property=\"og:image\" content=\"https:\/\/bencke.de\/staging\/wp-content\/uploads\/2017\/05\/IMG_6293.jpg\" \/>\n\t<meta property=\"og:image:width\" content=\"1920\" \/>\n\t<meta property=\"og:image:height\" content=\"600\" \/>\n\t<meta property=\"og:image:type\" content=\"image\/jpeg\" \/>\n<meta name=\"twitter:card\" content=\"summary_large_image\" \/>\n<meta name=\"twitter:label1\" content=\"Gesch\u00e4tzte Lesezeit\" \/>\n\t<meta name=\"twitter:data1\" content=\"4\u00a0Minuten\" \/>\n<script type=\"application\/ld+json\" class=\"yoast-schema-graph\">{\"@context\":\"https:\\\/\\\/schema.org\",\"@graph\":[{\"@type\":\"WebPage\",\"@id\":\"https:\\\/\\\/bencke.de\\\/staging\\\/telefonanlagen-tuersprechanlagen\\\/\",\"url\":\"https:\\\/\\\/bencke.de\\\/staging\\\/telefonanlagen-tuersprechanlagen\\\/\",\"name\":\"Telefone und Telefonanlagen Stade | multimedia BENCKE\",\"isPartOf\":{\"@id\":\"https:\\\/\\\/bencke.de\\\/staging\\\/#website\"},\"primaryImageOfPage\":{\"@id\":\"https:\\\/\\\/bencke.de\\\/staging\\\/telefonanlagen-tuersprechanlagen\\\/#primaryimage\"},\"image\":{\"@id\":\"https:\\\/\\\/bencke.de\\\/staging\\\/telefonanlagen-tuersprechanlagen\\\/#primaryimage\"},\"thumbnailUrl\":\"https:\\\/\\\/bencke.de\\\/staging\\\/wp-content\\\/uploads\\\/2017\\\/05\\\/IMG_6293.jpg\",\"datePublished\":\"2017-05-09T14:36:57+00:00\",\"dateModified\":\"2018-08-24T07:05:22+00:00\",\"description\":\"Verkauf, Einrichtung und Installation von Telefonanlagen Stade - Konifguration einer T\u00fcrsprechanlage f\u00fcr Smartphones via myintercom App\",\"breadcrumb\":{\"@id\":\"https:\\\/\\\/bencke.de\\\/staging\\\/telefonanlagen-tuersprechanlagen\\\/#breadcrumb\"},\"inLanguage\":\"de\",\"potentialAction\":[{\"@type\":\"ReadAction\",\"target\":[\"https:\\\/\\\/bencke.de\\\/staging\\\/telefonanlagen-tuersprechanlagen\\\/\"]}]},{\"@type\":\"ImageObject\",\"inLanguage\":\"de\",\"@id\":\"https:\\\/\\\/bencke.de\\\/staging\\\/telefonanlagen-tuersprechanlagen\\\/#primaryimage\",\"url\":\"https:\\\/\\\/bencke.de\\\/staging\\\/wp-content\\\/uploads\\\/2017\\\/05\\\/IMG_6293.jpg\",\"contentUrl\":\"https:\\\/\\\/bencke.de\\\/staging\\\/wp-content\\\/uploads\\\/2017\\\/05\\\/IMG_6293.jpg\",\"width\":1920,\"height\":600},{\"@type\":\"BreadcrumbList\",\"@id\":\"https:\\\/\\\/bencke.de\\\/staging\\\/telefonanlagen-tuersprechanlagen\\\/#breadcrumb\",\"itemListElement\":[{\"@type\":\"ListItem\",\"position\":1,\"name\":\"Startseite\",\"item\":\"https:\\\/\\\/bencke.de\\\/staging\\\/\"},{\"@type\":\"ListItem\",\"position\":2,\"name\":\"Telefone &#038; Telefonanlagen\"}]},{\"@type\":\"WebSite\",\"@id\":\"https:\\\/\\\/bencke.de\\\/staging\\\/#website\",\"url\":\"https:\\\/\\\/bencke.de\\\/staging\\\/\",\"name\":\"BENCKE multimedia GmbH Staging\",\"description\":\"\",\"potentialAction\":[{\"@type\":\"SearchAction\",\"target\":{\"@type\":\"EntryPoint\",\"urlTemplate\":\"https:\\\/\\\/bencke.de\\\/staging\\\/?s={search_term_string}\"},\"query-input\":{\"@type\":\"PropertyValueSpecification\",\"valueRequired\":true,\"valueName\":\"search_term_string\"}}],\"inLanguage\":\"de\"}]}<\/script>\n<!-- \/ Yoast SEO plugin. -->","yoast_head_json":{"title":"Telefone und Telefonanlagen Stade | multimedia BENCKE","description":"Verkauf, Einrichtung und Installation von Telefonanlagen Stade - Konifguration einer T\u00fcrsprechanlage f\u00fcr Smartphones via myintercom App","robots":{"index":"noindex","follow":"follow","max-snippet":"max-snippet:-1","max-image-preview":"max-image-preview:large","max-video-preview":"max-video-preview:-1"},"og_locale":"de_DE","og_type":"article","og_title":"Telefone und Telefonanlagen Stade | multimedia BENCKE","og_description":"Verkauf, Einrichtung und Installation von Telefonanlagen Stade - Konifguration einer T\u00fcrsprechanlage f\u00fcr Smartphones via myintercom App","og_url":"https:\/\/bencke.de\/staging\/telefonanlagen-tuersprechanlagen\/","og_site_name":"BENCKE multimedia GmbH Staging","article_publisher":"https:\/\/www.facebook.com\/Bencke-Multimedia-GmbH-109591069133129\/","article_modified_time":"2018-08-24T07:05:22+00:00","og_image":[{"width":1920,"height":600,"url":"https:\/\/bencke.de\/staging\/wp-content\/uploads\/2017\/05\/IMG_6293.jpg","type":"image\/jpeg"}],"twitter_card":"summary_large_image","twitter_misc":{"Gesch\u00e4tzte Lesezeit":"4\u00a0Minuten"},"schema":{"@context":"https:\/\/schema.org","@graph":[{"@type":"WebPage","@id":"https:\/\/bencke.de\/staging\/telefonanlagen-tuersprechanlagen\/","url":"https:\/\/bencke.de\/staging\/telefonanlagen-tuersprechanlagen\/","name":"Telefone und Telefonanlagen Stade | multimedia BENCKE","isPartOf":{"@id":"https:\/\/bencke.de\/staging\/#website"},"primaryImageOfPage":{"@id":"https:\/\/bencke.de\/staging\/telefonanlagen-tuersprechanlagen\/#primaryimage"},"image":{"@id":"https:\/\/bencke.de\/staging\/telefonanlagen-tuersprechanlagen\/#primaryimage"},"thumbnailUrl":"https:\/\/bencke.de\/staging\/wp-content\/uploads\/2017\/05\/IMG_6293.jpg","datePublished":"2017-05-09T14:36:57+00:00","dateModified":"2018-08-24T07:05:22+00:00","description":"Verkauf, Einrichtung und Installation von Telefonanlagen Stade - Konifguration einer T\u00fcrsprechanlage f\u00fcr Smartphones via myintercom App","breadcrumb":{"@id":"https:\/\/bencke.de\/staging\/telefonanlagen-tuersprechanlagen\/#breadcrumb"},"inLanguage":"de","potentialAction":[{"@type":"ReadAction","target":["https:\/\/bencke.de\/staging\/telefonanlagen-tuersprechanlagen\/"]}]},{"@type":"ImageObject","inLanguage":"de","@id":"https:\/\/bencke.de\/staging\/telefonanlagen-tuersprechanlagen\/#primaryimage","url":"https:\/\/bencke.de\/staging\/wp-content\/uploads\/2017\/05\/IMG_6293.jpg","contentUrl":"https:\/\/bencke.de\/staging\/wp-content\/uploads\/2017\/05\/IMG_6293.jpg","width":1920,"height":600},{"@type":"BreadcrumbList","@id":"https:\/\/bencke.de\/staging\/telefonanlagen-tuersprechanlagen\/#breadcrumb","itemListElement":[{"@type":"ListItem","position":1,"name":"Startseite","item":"https:\/\/bencke.de\/staging\/"},{"@type":"ListItem","position":2,"name":"Telefone &#038; Telefonanlagen"}]},{"@type":"WebSite","@id":"https:\/\/bencke.de\/staging\/#website","url":"https:\/\/bencke.de\/staging\/","name":"BENCKE multimedia GmbH Staging","description":"","potentialAction":[{"@type":"SearchAction","target":{"@type":"EntryPoint","urlTemplate":"https:\/\/bencke.de\/staging\/?s={search_term_string}"},"query-input":{"@type":"PropertyValueSpecification","valueRequired":true,"valueName":"search_term_string"}}],"inLanguage":"de"}]}},"_links":{"self":[{"href":"https:\/\/bencke.de\/staging\/wp-json\/wp\/v2\/pages\/858","targetHints":{"allow":["GET"]}}],"collection":[{"href":"https:\/\/bencke.de\/staging\/wp-json\/wp\/v2\/pages"}],"about":[{"href":"https:\/\/bencke.de\/staging\/wp-json\/wp\/v2\/types\/page"}],"author":[{"embeddable":true,"href":"https:\/\/bencke.de\/staging\/wp-json\/wp\/v2\/users\/1"}],"replies":[{"embeddable":true,"href":"https:\/\/bencke.de\/staging\/wp-json\/wp\/v2\/comments?post=858"}],"version-history":[{"count":55,"href":"https:\/\/bencke.de\/staging\/wp-json\/wp\/v2\/pages\/858\/revisions"}],"predecessor-version":[{"id":2243,"href":"https:\/\/bencke.de\/staging\/wp-json\/wp\/v2\/pages\/858\/revisions\/2243"}],"wp:featuredmedia":[{"embeddable":true,"href":"https:\/\/bencke.de\/staging\/wp-json\/wp\/v2\/media\/1311"}],"wp:attachment":[{"href":"https:\/\/bencke.de\/staging\/wp-json\/wp\/v2\/media?parent=858"}],"curies":[{"name":"wp","href":"https:\/\/api.w.org\/{rel}","templated":true}]}}